 d be -13*2/q*(15 + 21). What is the greatest common divisor of 18 and d?
9
Suppose -17*a + 19*a = -l + 95, 2*l - 2*a = 214. Let q = -38 + l. Calculate the greatest common divisor of 26 and q.
13
Let h = -7792 + 8467. Calculate the highest common divisor of h and 8235.
135
Let b(z) = -z**2 - 29*z + 861. Let h be b(-47). Let q = 919 + -529. What is the greatest common divisor of h and q?
15
Suppose -421*w + 435*w = 434. Suppose 2*q = 5*z - 0*z - 930, -4*z + 2*q = -744. What is the highest common factor of w and z?
31
Suppose -196 = -4*z + 5*b + 13, 3*z - 153 = 3*b. Let d = -20 + z. Calculate the highest common divisor of d and 65.
13
Let b be 2 - (26 - (5 - 2)). Let g = 27 + b. Suppose -6 = -6*q + g. What is the highest common divisor of q and 1?
1
Suppose -4*g = 220 - 568. Suppose -2*d + 10*d - 464 = 0. What is the highest common divisor of g and d?
29
Let c = -18 - -2587. What is the highest common factor of c and 7?
7
Let p(u) = -u**3 - 16*u**2 - 68*u + 5. Let y be p(-9). Calculate the highest common factor of y and 420.
10
Let f(u) = 480*u**2 + 161*u - 2. Let g be f(-2). Calculate the greatest common divisor of 924 and g.
84
Let a = -30 + 30. Suppose -3*t = -5*m + 9, a*m - 3*t = -2*m. Suppose 2*r = m*r - 14. What is the greatest common factor of 7 and r?
7
Let d = 97 + -29. Let b be ((-39)/(-15) + -3)/((-8)/1420). Suppose -3*p + b = -82. Calculate the highest common factor of p and d.
17
Let l = -21118 - -21196. Calculate the greatest common factor of l and 186.
6
Let h = -361 + 506. Let x = h - 107. What is the greatest common factor of 1178 and x?
38
Let u be ((-6912)/(-2880))/(((-2)/(-20))/(14/6)). Calculate the greatest common factor of u and 55496.
56
Suppose 5*k - 79 = 4*p, -3*k - 3*p + 49 = 7. What is the highest common divisor of 300 and k?
15
Suppose 8*r - 38 + 6 = 0. Suppose -4*w - r*j = -116, -9*w + 6*w + 2*j + 77 = 0. Calculate the greatest common divisor of w and 9.
9
Let y(k) = k**3 + 4*k**2 - 7*k - 5. Let j be y(-5). Suppose -j*g + 50 + 45 = 0. Suppose g*c - 18*c = 102. Calculate the greatest common factor of 17 and c.
17
Let a(k) = 6*k**2 - k. Let v be a(6). Let q(c) = -c**2 - 44*c - 343. Let l be q(-31). Calculate the greatest common divisor of l and v.
30
Suppose h + 587 = 2*q, 8*h - 12*h + 1500 = 5*q. What is the greatest common divisor of q and 44?
4
Let b be -9 + 19 + (-4 - 2) - -556. Calculate the greatest common factor of 770 and b.
70
Let a be ((-217)/5 - 2)/((-16)/880). What is the greatest common factor of 227 and a?
227
Let d = 26 - 2. Let o = 7 + d. What is the highest common factor of 124 and o?
31
Let v be 5/((2 - 1)/94). Let l be -1 - -16 - (10/6)/(4/12). Calculate the greatest common divisor of v and l.
10
Let j be (-576 - 1)*(-26666)/398. What is the highest common factor of j and 67?
67
Let d = 483 + -343. What is the highest common factor of 455 and d?
35
Suppose -181*i + 612870 + 2778768 = -1488846. What is the highest common divisor of 21 and i?
21
Suppose -164*n + 59*n + 109200 = 0. Calculate the greatest common factor of n and 400.
80
Let x be 690/(-4)*(19/(-5) + 3). Suppose 5*w = 337 + x. What is the greatest common factor of w and 76?
19
Suppose 2*t = -2*p + 10, -2*p - 10 = -4*t - 4*p. Let m be (6/7 - t)/(30/560). What is the greatest common factor of m and 248?
8
Let x = 147 - 143. Suppose -2*c + 242 = x*d, 123 = 2*d - 0*d + 3*c. Calculate the greatest common divisor of d and 12.
12
Suppose 115*r - 89*r = 130824 + 5286. What is the greatest common divisor of r and 15?
15
Let o = -99 - -109. Let c(y) = 43*y - 10. Let n be c(o). Suppose n = -17*s + 27*s. Calculate the greatest common factor of s and 28.
14
Let l(o) = 4*o + 20. Let b be l(-6). Let s(k) = -3*k**3 - 12*k**2 - k + 2. Let z be s(b). Calculate the greatest common divisor of z and 3.
3
Let b(q) = q**2 + 42*q + 4. Let s be b(-42). Calculate the greatest common divisor of s and 2468.
4
Suppose -8*i + 3*i = -a - 15, i = a - 1. Suppose i*v = -16, -36*k = -31*k + 2*v - 382. Calculate the greatest common factor of 4 and k.
2
Let d(a) = -a**2 - 5*a - 59. Let m be d(-7). Let i = 70 - m. What is the greatest common divisor of 65 and i?
13
Let f = 4 + -4. Let w = -254 - -256. Suppose f = w*l + 5*l - 567. Calculate the greatest common divisor of l and 27.
27
Suppose 0 = 2*i - 6, -2*s - 4 = 4*i - 26. Suppose -s*r + 64 = 54. Let g be 15/((-28)/40 - (-2)/r). What is the greatest common factor of 20 and g?
10
Let p(y) = -y**2 - 27*y + 10. Let a be p(-27). Suppose 3*i - 38 - 16 = 0. What is the highest common factor of a and i?
2
Let o(g) = 5*g - 169. Let b be o(31). Let v(i) = i**3 + 17*i**2 + 22*i + 45. Let k be v(b). Calculate the highest common factor of k and 50.
25
Let d = 10 + -8. Suppose 132 = s - 4*l, 4*s - 2*l = d*l + 516. Let x(w) = -4*w - 4. Let r be x(-5). Calculate the highest common factor of r and s.
16
Let m = 57 + 93. Let h = -132 + m. Suppose w = -3*c + 37, -2*c = w - 3*w - 22. What is the greatest common factor of c and h?
6
Let j = -3438 + 3703. Calculate the greatest common factor of 1007 and j.
53
Let b be 1584/8 - -21 - 11. What is the greatest common factor of 1196 and b?
52
Let g(r) = -45*r + 3699. Let j be g(78). Calculate the greatest common divisor of j and 539.
7
Let j(o) = 5*o**2 + 21*o + 16. Let g be j(-6). Let n(s) = -s - 30. Let z be n(0). Let x = g + z. What is the highest common divisor of 24 and x?
8
Suppose w = 5*w - 5*s + 7, 3*w = s + 3. Let b be 1/(w - (-333)/(-165)). Let n = b - -100. What is the greatest common factor of n and 15?
15
Let f(i) = i**3 - 23*i**2 + 76*i + 16. Let d be f(19). What is the highest common divisor of d and 5648?
16
Let z be 23 - (0 + 1)*-1. Let t = 407 - 405. Let c be (t - 11)/((-3)/2). Calculate the greatest common factor of z and c.
6
Suppose -34 = 4*p - 2*m, -1 = 2*p - p + 2*m. Let a be ((-20)/4 - -4)*p. Let x be 9 + (-2 - a) + 5. What is the highest common factor of x and 55?
5
Let k be (-10 + 6 + -3)*(-696)/28. Suppose 44*j = 41*j + k. What is the highest common factor of j and 290?
58
Let f be (-1 - 18)/(1 - 0). Let x = 36 + f. Suppose 42336 = 956*d + 8151 - 112083. Calculate the greatest common divisor of d and x.
17
Let x be 3*6/(-27) + (-1640)/15. Let j be x/(-6) - (-3)/(-9). What is the greatest common factor of j and 90?
18
Let n = 43698 + -43678. Let y(s) = 5*s**2 - 9*s + 12. Let l be y(8). What is the greatest common divisor of n and l?
20
Let v be 44/(-6)*(-3 + 15/10). Let u = 31 + v. Let r = u - 16. Calculate the highest common factor of 65 and r.
13
Suppose -16*m = -13*m - 60. Let i(q) = -4*q + 50. Let n be i(m). Let x be (-423)/(-7) + n/70. Calculate the highest common factor of x and 24.
12
Let s = 49276 + 2387. Calculate the highest common divisor of s and 51.
51
Let f = -5 - -10. Suppose -c + 0*c = -f*z + 294, 2*z - 122 = -4*c. Calculate the highest common factor of z and 59.
59
Let d = 677 + -670. Suppose 163 = d*v - 5*v + y, -3*y = -3*v + 267. Calculate the greatest common factor of 12 and v.
12
Let n(i) = i**3 - 11*i - 76. Let o(u) = u**3 - 13*u - 77. Let w(r) = -5*n(r) + 4*o(r). Let y be w(0). What is the highest common divisor of y and 24?
24
Suppose q - 5*g = 1675, 2946 = 2*q + g - 360. What is the highest common divisor of 5 and q?
5
Suppose 0 = -u, 0 = g - 2*u + 3*u - 67. Suppose 72*m = g*m + 120. Let k(c) = c + 3. Let i be k(3). What is the greatest common factor of i and m?
6
Let z = 547 + -551. Let i be 10/(-15)*(z - -1). Suppose 0 = -6*t + 3*t + 3. What is the highest common factor of t and i?
1
Let o(j) = 12*j - 166. Let p be o(-28). Let m = p - -535. Calculate the greatest common divisor of m and 12.
3
Let t = 15 - 11. Let o(i) = i. Let w be o(10). Suppose 32 = 18*y - w*y. What is the greatest common divisor of y and t?
4
Let o(d) = 20*d - 52. Let m be o(-10). Let p = m + 292. Calculate the highest common divisor of p and 120.
40
Let m(o) = 4*o**3 + 180*o**2 - 12*o - 124. Let v be m(-45). What is the highest common divisor of 256 and v?
32
Let i(l) = 2*l**2 - 13*l - 91. Let t be i(-5). Calculate the greatest common factor of 4152 and t.
24
Suppose 7*w + 89 + 121 = 0. Let q be (-10255)/w - (-5)/30. Calculate the highest common factor of 38 and q.
38
Suppose 0 = -l + 61 - 67. Let x be 41475/84 - l/(-8). What is the highest common divisor of x and 34?
17
L